it of 1723582?
8
What is the ten thousands digit of 9636105?
3
What is the millions digit of 18225740?
8
What is the ten millions digit of 10973512?
1
What is the tens digit of 272446?
4
What is the ten thousands digit of 292246?
9
What is the tens digit of 200707?
0
What is the units digit of 45906?
6
What is the millions digit of 2206197?
2
What is the tens digit of 1023272?
7
What is the thousands digit of 43174?
3
What is the ten thousands digit of 2362971?
6
What is the thousands digit of 5569565?
9
What is the ten thousands digit of 3014295?
1
What is the ten thousands digit of 2893444?
9
What is the hundreds digit of 203169?
1
What is the ten thousands digit of 4505410?
0
What is the millions digit of 1191067?
1
What is the ten thousands digit of 77744?
7
What is the units digit of 1382203?
3
What is the ten thousands digit of 36656?
3
What is the millions digit of 6317267?
6
What is the hundreds digit of 19687898?
8
What is the tens digit of 143976?
7
What is the hundreds digit of 777200?
2
What is the ten millions digit of 17272980?
1
What is the thousands digit of 651272?
1
What is the hundred thousands digit of 1396818?
3
What is the ten thousands digit of 71090?
7
What is the thousands digit of 472562?
2
What is the units digit of 254696?
6
What is the thousands digit of 16272070?
2
What is the millions digit of 15691630?
5
What is the hundred thousands digit of 9300886?
3
What is the units digit of 586693?
3
What is the millions digit of 1318623?
1
What is the thousands digit of 7778868?
8
What is the units digit of 10412476?
6
What is the hundreds digit of 876166?
1
What is the units digit of 2249538?
8
What is the tens digit of 958730?
3
What is the hundred thousands digit of 9154594?
1
What is the ten thousands digit of 350711?
5
What is the millions digit of 14942017?
4
What is the units digit of 26096815?
5
What is the tens digit of 163657?
5
What is the millions digit of 25099648?
5
What is the hundreds digit of 4651660?
6
What is the hundreds digit of 602222?
2
What is the hundreds digit of 8848944?
9
What is the units digit of 611872?
2
What is the thousands digit of 3500376?
0
What is the ten thousands digit of 549839?
4
What is the tens digit of 271460?
6
What is the hundreds digit of 29352113?
1
What is the thousands digit of 16558340?
8
What is the units digit of 62977?
7
What is the ten thousands digit of 63531?
6
What is the thousands digit of 4283312?
3
What is the ten thousands digit of 214016?
1
What is the hundred thousands digit of 1740815?
7
What is the hundred thousands digit of 587547?
5
What is the hundred thousands digit of 830791?
8
What is the hundreds digit of 2872186?
1
What is the units digit of 17776206?
6
What is the tens digit of 388244?
4
What is the hundred thousands digit of 107803?
1
What is the thousands digit of 327895?
7
What is the millions digit of 2855400?
2
What is the ten thousands digit of 599184?
9
What is the ten thousands digit of 1384833?
8
What is the hundreds digit of 5493638?
6
What is the units digit of 7654379?
9
What is the thousands digit of 16488?
6
What is the ten thousands digit of 1273594?
7
What is the ten thousands digit of 162061?
6
What is the tens digit of 1929701?
0
What is the thousands digit of 258161?
8
What is the hundred thousands digit of 2264681?
2
What is the hundred thousands digit of 3975349?
9
What is the units digit of 155352?
2
What is the units digit of 7707112?
2
What is the hundred thousands digit of 417797?
4
What is the hundreds digit of 1956774?
7
What is the hundreds digit of 1303667?
6
What is the units digit of 11676304?
4
What is the ten thousands digit of 4069252?
6
What is the hundred thousands digit of 185683?
1
What is the hundred thousands digit of 174415?
1
What is the thousands digit of 2838?
2
What is the ten thousands digit of 4765353?
6
What is the thousands digit of 971636?
1
What is the hundred thousands digit of 286342?
2
What is the ten thousands digit of 7153941?
5
What is the units digit of 1635492?
2
What is the ten thousands digit of 290586?
9
What is the tens digit of 430145?
4
What is the thousands digit of 5631528?
1
What is the ten thousands digit of 1457983?
5
What is the tens digit of 31423422?
2
What is the tens digit of 111323?
2
What is the ten thousands digit of 2159979?
5
What is the hundreds digit of 6214261?
2
What is the ten thousands digit of 853790?
5
What is the thousands digit of 6801353?
1
What is the units digit of 170140?
0
What is the hundreds digit of 622109?
1
What is the units digit of 9096081?
1
What is the hundred thousands digit of 1254322?
2
What is the hundreds digit of 526571?
5
What is the hundreds digit of 61674?
6
What is the hundred thousands digit of 752974?
7
What is the hundreds digit of 2219081?
0
What is the ten thousands digit of 72224?
7
What is the units digit of 31664?
4
What is the ten thousands digit of 4899859?
9
What is the tens digit of 285986?
8
What is the tens digit of 38356021?
2
What is the thousands digit of 1336018?
6
What is the thousands digit of 1463881?
3
What is the ten thousands digit of 930942?
3
What is the ten thousands digit of 88126?
8
What is the hundred thousands digit of 429946?
4
What is the tens digit of 762834?
3
What is the thousands digit of 11915196?
5
What is the units digit of 6997003?
3
What is the hundred thousands digit of 2427220?
4
What is the hundred thousands digit of 157210?
1
What is the millions digit of 16097098?
6
What is the units digit of 15914689?
9
What is the hundreds digit of 149023?
0
What is the hundreds digit of 25872?
8
What is the hundreds digit of 2847639?
6
What is the millions digit of 2957659?
2
What is the thousands digit of 114391?
4
What is the units digit of 79755?
5
What is the thousands digit of 1879774?
9
What is the hundred thousands digit of 689994?
6
What is the ten thousands digit of 1090586?
9
What is the ten thousands digit of 571945?
7
What is the millions digit of 9733783?
9
What is the tens digit of 286833?
3
What is the thousands digit of 2266758?
6
What is the thousands digit of 215047?
5
What is the hundred thousands digit of 255072?
2
What is the units digit of 23203991?
1
What is the hundred thousands digit of 43862030?
8
What is the hundreds digit of 141144?
1
What is the hundreds digit of 2515684?
6
What is the hundred thousands digit of 199301?
1
What is the tens digit of 74605?
0
What is the tens digit of 1139724?
2
What is the units digit of 444568?
8
What is the tens digit of 14836654?
5
What is the hundred thousands digit of 201323?
2
What is the hundred thousands digit of 278730?
2
What is the ten thousands digit of 96071?
9
What is the ten thousands digit of 19894370?
9
What is the units digit of 126961?
1
What is the tens digit of 36675?
7
What is the thousands digit of 556994?
6
What is the tens digit of 3979584?
8
What is the hundred thousands digit of 657309?
6
What is the tens digit of 555205?
0
What is the hundreds digit of 1114687?
6
What is the hundred thousands digit of 2611179?
6
What is the hundreds digit of 8754793?
7
What is the tens digit of 34633?
3
What is the tens digit of 4461152?
5
What is the hundreds digit of 196171?
1
What is the units digit of 6746322?
2
What is the hundred thousands digit of 1102064?
1
What is the hundred thousands digit of 891520?
8
What is the units digit of 29838?
8
What is the units digit of 800328?
8
What is the thousands digit of 9039892?
9
What is the ten thousands digit of 172144?
7
What is the tens digit of 13081?
8
What is the tens digit of 5079706?
0
What is the thousands digit of 22730?
2
What is the millions digit of 4476365?
4
What is the hundred thousands digit of 23959130?
9
What is the thousands digit of 73878?
3
What is the ten thousands digit of 4601502?
0
What is the thousands digit of 2955360?
5
What is the tens digit of 36766?
6
What is the ten thousands digit of 34191417?
9
What is the hundreds digit of 53347?
3
What is the tens digit of 13040791?
9
What is the ten thousands digit of 1617179?
1
What is the units digit of 925647?
7
What is the hundreds digit of 2472619?
6
What is the tens digit of 5641905?
0
What is the thousands digit of 3285501?
5
What is the tens digit of 482084?
8
What is the ten millions digit of 24954019